s digit of 1618605?
8
What is the tens digit of 3908423?
2
What is the ten thousands digit of 3890826?
9
What is the hundred thousands digit of 290607?
2
What is the tens digit of 14702730?
3
What is the ten thousands digit of 8456332?
5
What is the millions digit of 1301832?
1
What is the ten thousands digit of 1413354?
1
What is the thousands digit of 32091086?
1
What is the hundreds digit of 4521848?
8
What is the hundreds digit of 115463?
4
What is the tens digit of 380017?
1
What is the ten thousands digit of 244596?
4
What is the thousands digit of 31197599?
7
What is the ten millions digit of 12354398?
1
What is the units digit of 111787?
7
What is the hundreds digit of 103742?
7
What is the hundreds digit of 1951011?
0
What is the units digit of 1893123?
3
What is the thousands digit of 1245398?
5
What is the tens digit of 6680538?
3
What is the tens digit of 7447553?
5
What is the ten thousands digit of 7580623?
8
What is the ten thousands digit of 50368?
5
What is the millions digit of 9723130?
9
What is the hundreds digit of 915543?
5
What is the millions digit of 2668711?
2
What is the ten thousands digit of 774001?
7
What is the hundreds digit of 448839?
8
What is the units digit of 13351078?
8
What is the hundred thousands digit of 160369?
1
What is the thousands digit of 11878704?
8
What is the thousands digit of 776374?
6
What is the tens digit of 16370610?
1
What is the millions digit of 9551410?
9
What is the tens digit of 7118?
1
What is the tens digit of 288782?
8
What is the hundreds digit of 10270867?
8
What is the hundreds digit of 615913?
9
What is the units digit of 2139147?
7
What is the thousands digit of 290074?
0
What is the hundreds digit of 111775?
7
What is the thousands digit of 86261?
6
What is the hundred thousands digit of 19669369?
6
What is the hundreds digit of 18084980?
9
What is the ten thousands digit of 245941?
4
What is the units digit of 113380?
0
What is the millions digit of 10360503?
0
What is the hundred thousands digit of 194816?
1
What is the hundred thousands digit of 4497921?
4
What is the hundreds digit of 17040896?
8
What is the tens digit of 1055288?
8
What is the ten thousands digit of 45820?
4
What is the ten thousands digit of 140962?
4
What is the units digit of 97826?
6
What is the units digit of 832289?
9
What is the ten thousands digit of 586924?
8
What is the units digit of 4253586?
6
What is the tens digit of 37782574?
7
What is the ten thousands digit of 2980434?
8
What is the ten thousands digit of 4815572?
1
What is the units digit of 548249?
9
What is the ten thousands digit of 16321667?
2
What is the units digit of 3468612?
2
What is the units digit of 12093339?
9
What is the hundred thousands digit of 546140?
5
What is the tens digit of 1383100?
0
What is the ten thousands digit of 170484?
7
What is the units digit of 35696627?
7
What is the thousands digit of 668752?
8
What is the hundred thousands digit of 2571751?
5
What is the tens digit of 539818?
1
What is the thousands digit of 2057448?
7
What is the tens digit of 68351?
5
What is the hundred thousands digit of 8754437?
7
What is the ten thousands digit of 15595116?
9
What is the ten thousands digit of 5683023?
8
What is the hundreds digit of 199695?
6
What is the thousands digit of 1285831?
5
What is the tens digit of 1823263?
6
What is the ten thousands digit of 1323624?
2
What is the units digit of 820535?
5
What is the units digit of 84004?
4
What is the thousands digit of 3564610?
4
What is the ten thousands digit of 4937769?
3
What is the hundred thousands digit of 830663?
8
What is the tens digit of 490171?
7
What is the thousands digit of 84675?
4
What is the hundred thousands digit of 2387372?
3
What is the ten thousands digit of 128796?
2
What is the hundreds digit of 12942190?
1
What is the units digit of 63715?
5
What is the hundred thousands digit of 4739154?
7
What is the millions digit of 31479555?
1
What is the millions digit of 1456604?
1
What is the hundred thousands digit of 3683240?
6
What is the ten thousands digit of 96711?
9
What is the hundred thousands digit of 12993081?
9
What is the units digit of 1372570?
0
What is the units digit of 515727?
7
What is the units digit of 4479320?
0
What is the ten thousands digit of 900324?
0
What is the hundreds digit of 497384?
3
What is the hundreds digit of 9778099?
0
What is the ten thousands digit of 7809958?
0
What is the hundreds digit of 90925?
9
What is the hundred thousands digit of 4140820?
1
What is the tens digit of 767119?
1
What is the ten thousands digit of 537151?
3
What is the tens digit of 12005107?
0
What is the hundreds digit of 48174?
1
What is the hundreds digit of 551262?
2
What is the thousands digit of 194107?
4
What is the hundred thousands digit of 21073857?
0
What is the hundreds digit of 10380294?
2
What is the tens digit of 1963724?
2
What is the thousands digit of 97727?
7
What is the tens digit of 3397516?
1
What is the units digit of 2769764?
4
What is the hundred thousands digit of 259646?
2
What is the ten thousands digit of 4058705?
5
What is the hundred thousands digit of 214822?
2
What is the units digit of 302746?
6
What is the tens digit of 188071?
7
What is the thousands digit of 4735122?
5
What is the hundreds digit of 526048?
0
What is the units digit of 728369?
9
What is the hundred thousands digit of 232776?
2
What is the units digit of 169998?
8
What is the thousands digit of 2703846?
3
What is the thousands digit of 4678573?
8
What is the thousands digit of 1558126?
8
What is the units digit of 851522?
2
What is the hundreds digit of 181833?
8
What is the ten thousands digit of 2718905?
1
What is the hundreds digit of 5108163?
1
What is the units digit of 367595?
5
What is the millions digit of 2897556?
2
What is the hundreds digit of 2063906?
9
What is the hundreds digit of 5706568?
5
What is the ten thousands digit of 432096?
3
What is the millions digit of 3431998?
3
What is the hundred thousands digit of 744979?
7
What is the hundred thousands digit of 3857602?
8
What is the hundred thousands digit of 2524072?
5
What is the thousands digit of 21111455?
1
What is the thousands digit of 580593?
0
What is the thousands digit of 221036?
1
What is the thousands digit of 31176?
1
What is the tens digit of 1333763?
6
What is the hundred thousands digit of 504243?
5
What is the ten thousands digit of 877573?
7
What is the tens digit of 963637?
3
What is the thousands digit of 950426?
0
What is the tens digit of 4741120?
2
What is the thousands digit of 1921931?
1
What is the hundreds digit of 2863768?
7
What is the hundreds digit of 52094?
0
What is the tens digit of 11316596?
9
What is the hundreds digit of 33628?
6
What is the hundred thousands digit of 2264829?
2
What is the hundred thousands digit of 7425153?
4
What is the hundred thousands digit of 528255?
5
What is the thousands digit of 72060?
2
What is the units digit of 13572173?
3
What is the thousands digit of 176915?
6
What is the thousands digit of 255286?
5
What is the tens digit of 24078?
7
What is the thousands digit of 2627036?
7
What is the millions digit of 1315103?
1
What is the millions digit of 2571434?
2
What is the thousands digit of 1750488?
0
What is the hundreds digit of 199680?
6
What is the tens digit of 820976?
7
What is the ten thousands digit of 314349?
1
What is the units digit of 1319316?
6
What is the millions digit of 1757345?
1
What is the hundreds digit of 16848319?
3
What is the hundred thousands digit of 315876?
3
What is the units digit of 65535?
5
What is the thousands digit of 705451?
5
What is the tens digit of 9032744?
4
What is the hundreds digit of 228198?
1
What is the thousands digit of 7385979?
5
What is the units digit of 27572700?
0
What is the hundreds digit of 2176849?
8
What is the hundred thousands digit of 2173779?
1
What is the millions digit of 5600297?
5
What is the tens digit of 200440?
4
What is the ten thousands digit of 252683?
5
What is the hundreds digit of 75507?
5
What is the units digit of 916685?
5
What is the hundreds digit of 40371649?
6
What is the hundreds digit of 2649669?
6
What is the hundreds digit of 7222635?
6
What is the units digit of 13314514?
4
What is the units digit of 2259